{"id":332,"date":"2023-11-21T20:03:04","date_gmt":"2023-11-21T20:03:04","guid":{"rendered":"https:\/\/www.wirfuergrone.de\/?page_id=332"},"modified":"2023-11-21T21:43:13","modified_gmt":"2023-11-21T21:43:13","slug":"vorstand","status":"publish","type":"page","link":"https:\/\/www.wirfuergrone.de\/?page_id=332","title":{"rendered":"Vorstand"},"content":{"rendered":"<div id=\"pl-332\"  class=\"panel-layout\" ><div id=\"pg-332-0\"  class=\"panel-grid panel-no-style\" ><div id=\"pgc-332-0-0\"  class=\"panel-grid-cell\" ><div id=\"panel-332-0-0-0\" class=\"so-panel widget widget_sow-editor panel-first-child panel-last-child\" data-index=\"0\" ><div\n\t\t\t\n\t\t\tclass=\"so-widget-sow-editor so-widget-sow-editor-base\"\n\t\t\t\n\t\t><h3 class=\"widget-title\">Der Vorstand von Wir f\u00fcr Grone e.V.<\/h3>\n<div class=\"siteorigin-widget-tinymce textwidget\">\n\t<\/div>\n<\/div><\/div><\/div><\/div><div id=\"pg-332-1\"  class=\"panel-grid panel-no-style\" ><div id=\"pgc-332-1-0\"  class=\"panel-grid-cell\" ><div id=\"panel-332-1-0-0\" class=\"so-panel widget widget_sow-editor panel-first-child panel-last-child\" data-index=\"1\" ><div\n\t\t\t\n\t\t\tclass=\"so-widget-sow-editor so-widget-sow-editor-base\"\n\t\t\t\n\t\t>\n<div class=\"siteorigin-widget-tinymce textwidget\">\n\t<div id=\"attachment_18\" style=\"width: 160px\" class=\"wp-caption aligncenter\"><a href=\"https:\/\/www.wirfuergrone.de\/wp-content\/uploads\/2016\/04\/Ko\u0308hler_Plakatmotiv-klein.jpg\"><img aria-describedby=\"caption-attachment-18\" loading=\"lazy\" decoding=\"async\" class=\"wp-image-18 size-thumbnail\" src=\"https:\/\/www.wirfuergrone.de\/wp-content\/uploads\/2016\/04\/Ko\u0308hler_Plakatmotiv-klein-150x150.jpg\" alt=\"\" width=\"150\" height=\"150\" srcset=\"https:\/\/www.wirfuergrone.de\/wp-content\/uploads\/2016\/04\/Ko\u0308hler_Plakatmotiv-klein-150x150.jpg 150w, https:\/\/www.wirfuergrone.de\/wp-content\/uploads\/2016\/04\/Ko\u0308hler_Plakatmotiv-klein-250x250.jpg 250w, https:\/\/www.wirfuergrone.de\/wp-content\/uploads\/2016\/04\/Ko\u0308hler_Plakatmotiv-klein-174x174.jpg 174w\" sizes=\"auto, (max-width: 150px) 100vw, 150px\" \/><\/a><p id=\"caption-attachment-18\" class=\"wp-caption-text\">Rolf-Georg K\u00f6hler (Vorsitzender)<\/p><\/div>\n<div id=\"attachment_234\" style=\"width: 160px\" class=\"wp-caption aligncenter\"><a href=\"https:\/\/www.wirfuergrone.de\/wp-content\/uploads\/2016\/06\/hauthal.jpg\"><img aria-describedby=\"caption-attachment-234\" loading=\"lazy\" decoding=\"async\" class=\"size-thumbnail wp-image-234\" src=\"https:\/\/www.wirfuergrone.de\/wp-content\/uploads\/2016\/06\/hauthal-150x150.jpg\" alt=\"\" width=\"150\" height=\"150\" srcset=\"https:\/\/www.wirfuergrone.de\/wp-content\/uploads\/2016\/06\/hauthal-150x150.jpg 150w, https:\/\/www.wirfuergrone.de\/wp-content\/uploads\/2016\/06\/hauthal-174x174.jpg 174w\" sizes=\"auto, (max-width: 150px) 100vw, 150px\" \/><\/a><p id=\"caption-attachment-234\" class=\"wp-caption-text\">Tobias Hauthal (Kassenwart)<\/p><\/div>\n<div id=\"attachment_377\" style=\"width: 160px\" class=\"wp-caption aligncenter\"><a href=\"https:\/\/www.wirfuergrone.de\/wp-content\/uploads\/2023\/11\/Foto-Yonas-Schiferau.jpg\"><img aria-describedby=\"caption-attachment-377\" loading=\"lazy\" decoding=\"async\" class=\"wp-image-377 size-thumbnail\" src=\"https:\/\/www.wirfuergrone.de\/wp-content\/uploads\/2023\/11\/Foto-Yonas-Schiferau-150x150.jpg\" alt=\"\" width=\"150\" height=\"150\" srcset=\"https:\/\/www.wirfuergrone.de\/wp-content\/uploads\/2023\/11\/Foto-Yonas-Schiferau-150x150.jpg 150w, https:\/\/www.wirfuergrone.de\/wp-content\/uploads\/2023\/11\/Foto-Yonas-Schiferau-100x100.jpg 100w\" sizes=\"auto, (max-width: 150px) 100vw, 150px\" \/><\/a><p id=\"caption-attachment-377\" class=\"wp-caption-text\">Yonas Schiferau (Beisitzender)<\/p><\/div>\n<\/div>\n<\/div><\/div><\/div><div id=\"pgc-332-1-1\"  class=\"panel-grid-cell\" ><div id=\"panel-332-1-1-0\" class=\"so-panel widget widget_sow-editor panel-first-child panel-last-child\" data-index=\"2\" ><div\n\t\t\t\n\t\t\tclass=\"so-widget-sow-editor so-widget-sow-editor-base\"\n\t\t\t\n\t\t>\n<div class=\"siteorigin-widget-tinymce textwidget\">\n\t<div id=\"attachment_20\" style=\"width: 160px\" class=\"wp-caption aligncenter\"><a href=\"https:\/\/www.wirfuergrone.de\/wp-content\/uploads\/2016\/04\/MarcoWitte-e1461485555225.jpg\"><img aria-describedby=\"caption-attachment-20\" loading=\"lazy\" decoding=\"async\" class=\"size-thumbnail wp-image-20\" src=\"https:\/\/www.wirfuergrone.de\/wp-content\/uploads\/2016\/04\/MarcoWitte-e1461485555225-150x150.jpg\" alt=\"\" width=\"150\" height=\"150\" srcset=\"https:\/\/www.wirfuergrone.de\/wp-content\/uploads\/2016\/04\/MarcoWitte-e1461485555225-150x150.jpg 150w, https:\/\/www.wirfuergrone.de\/wp-content\/uploads\/2016\/04\/MarcoWitte-e1461485555225-250x250.jpg 250w, https:\/\/www.wirfuergrone.de\/wp-content\/uploads\/2016\/04\/MarcoWitte-e1461485555225-174x174.jpg 174w\" sizes=\"auto, (max-width: 150px) 100vw, 150px\" \/><\/a><p id=\"caption-attachment-20\" class=\"wp-caption-text\">Marco Witte (stv. Vorsitzender)<\/p><\/div>\n<div id=\"attachment_375\" style=\"width: 160px\" class=\"wp-caption aligncenter\"><a href=\"https:\/\/www.wirfuergrone.de\/wp-content\/uploads\/2023\/11\/bs-scaled.jpg\"><img aria-describedby=\"caption-attachment-375\" loading=\"lazy\" decoding=\"async\" class=\"size-thumbnail wp-image-375\" src=\"https:\/\/www.wirfuergrone.de\/wp-content\/uploads\/2023\/11\/bs-150x150.jpg\" alt=\"\" width=\"150\" height=\"150\" srcset=\"https:\/\/www.wirfuergrone.de\/wp-content\/uploads\/2023\/11\/bs-150x150.jpg 150w, https:\/\/www.wirfuergrone.de\/wp-content\/uploads\/2023\/11\/bs-100x100.jpg 100w\" sizes=\"auto, (max-width: 150px) 100vw, 150px\" \/><\/a><p id=\"caption-attachment-375\" class=\"wp-caption-text\">Birgit Sterr (Beisitzende)<\/p><\/div>\n<\/div>\n<\/div><\/div><\/div><div id=\"pgc-332-1-2\"  class=\"panel-grid-cell\" ><div id=\"panel-332-1-2-0\" class=\"so-panel widget widget_sow-editor panel-first-child panel-last-child\" data-index=\"3\" ><div\n\t\t\t\n\t\t\tclass=\"so-widget-sow-editor so-widget-sow-editor-base\"\n\t\t\t\n\t\t>\n<div class=\"siteorigin-widget-tinymce textwidget\">\n\t<div id=\"attachment_19\" style=\"width: 160px\" class=\"wp-caption aligncenter\"><a href=\"https:\/\/www.wirfuergrone.de\/wp-content\/uploads\/2016\/04\/31738-Krause_edited-e1461485939459.jpg\"><img aria-describedby=\"caption-attachment-19\" loading=\"lazy\" decoding=\"async\" class=\"size-thumbnail wp-image-19\" src=\"https:\/\/www.wirfuergrone.de\/wp-content\/uploads\/2016\/04\/31738-Krause_edited-e1461485939459-150x150.jpg\" alt=\"\" width=\"150\" height=\"150\" srcset=\"https:\/\/www.wirfuergrone.de\/wp-content\/uploads\/2016\/04\/31738-Krause_edited-e1461485939459-150x150.jpg 150w, https:\/\/www.wirfuergrone.de\/wp-content\/uploads\/2016\/04\/31738-Krause_edited-e1461485939459-300x300.jpg 300w, https:\/\/www.wirfuergrone.de\/wp-content\/uploads\/2016\/04\/31738-Krause_edited-e1461485939459-250x250.jpg 250w, https:\/\/www.wirfuergrone.de\/wp-content\/uploads\/2016\/04\/31738-Krause_edited-e1461485939459-174x174.jpg 174w, https:\/\/www.wirfuergrone.de\/wp-content\/uploads\/2016\/04\/31738-Krause_edited-e1461485939459.jpg 533w\" sizes=\"auto, (max-width: 150px) 100vw, 150px\" \/><\/a><p id=\"caption-attachment-19\" class=\"wp-caption-text\">Dieter Krause (Schriftf\u00fchrer)<\/p><\/div>\n<div id=\"attachment_378\" style=\"width: 160px\" class=\"wp-caption aligncenter\"><a href=\"https:\/\/www.wirfuergrone.de\/wp-content\/uploads\/2023\/11\/PHOTO_-Marcel-Pache.jpg\"><img aria-describedby=\"caption-attachment-378\" loading=\"lazy\" decoding=\"async\" class=\"wp-image-378 size-thumbnail\" src=\"https:\/\/www.wirfuergrone.de\/wp-content\/uploads\/2023\/11\/PHOTO_-Marcel-Pache-150x150.jpg\" alt=\"\" width=\"150\" height=\"150\" srcset=\"https:\/\/www.wirfuergrone.de\/wp-content\/uploads\/2023\/11\/PHOTO_-Marcel-Pache-150x150.jpg 150w, https:\/\/www.wirfuergrone.de\/wp-content\/uploads\/2023\/11\/PHOTO_-Marcel-Pache-300x300.jpg 300w, https:\/\/www.wirfuergrone.de\/wp-content\/uploads\/2023\/11\/PHOTO_-Marcel-Pache-768x768.jpg 768w, https:\/\/www.wirfuergrone.de\/wp-content\/uploads\/2023\/11\/PHOTO_-Marcel-Pache-100x100.jpg 100w, https:\/\/www.wirfuergrone.de\/wp-content\/uploads\/2023\/11\/PHOTO_-Marcel-Pache.jpg 1024w\" sizes=\"auto, (max-width: 150px) 100vw, 150px\" \/><\/a><p id=\"caption-attachment-378\" class=\"wp-caption-text\">Marcel Pache (Beisitzender)<\/p><\/div>\n<div id=\"attachment_376\" style=\"width: 160px\" class=\"wp-caption aligncenter\"><a href=\"https:\/\/www.wirfuergrone.de\/wp-content\/uploads\/2023\/11\/Foto-Ina-Jacobi.jpeg\"><img aria-describedby=\"caption-attachment-376\" loading=\"lazy\" decoding=\"async\" class=\"wp-image-376 size-thumbnail\" src=\"https:\/\/www.wirfuergrone.de\/wp-content\/uploads\/2023\/11\/Foto-Ina-Jacobi-150x150.jpeg\" alt=\"\" width=\"150\" height=\"150\" srcset=\"https:\/\/www.wirfuergrone.de\/wp-content\/uploads\/2023\/11\/Foto-Ina-Jacobi-150x150.jpeg 150w, https:\/\/www.wirfuergrone.de\/wp-content\/uploads\/2023\/11\/Foto-Ina-Jacobi-100x100.jpeg 100w\" sizes=\"auto, (max-width: 150px) 100vw, 150px\" \/><\/a><p id=\"caption-attachment-376\" class=\"wp-caption-text\">Ina Jacobi (Beisitzende)<\/p><\/div>\n<\/div>\n<\/div><\/div><\/div><\/div><\/div>","protected":false},"excerpt":{"rendered":"<p>Der Vorstand von Wir f\u00fcr Grone e.V. Rolf-Georg K\u00f6hler (Vorsitzender) Tobias Hauthal (Kassenwart) Yonas Schiferau (Beisitzender) Marco Witte (stv. Vorsitzender) Birgit Sterr (Beisitzende) Dieter Krause (Schriftf\u00fchrer) Marcel Pache (Beisitzender) Ina Jacobi (Beisitzende)<\/p>\n","protected":false},"author":1,"featured_media":0,"parent":0,"menu_order":0,"comment_status":"closed","ping_status":"closed","template":"","meta":{"footnotes":""},"class_list":["post-332","page","type-page","status-publish","hentry"],"yoast_head":"<!-- This site is optimized with the Yoast SEO plugin v26.8 - https:\/\/yoast.com\/product\/yoast-seo-wordpress\/ -->\n<title>Vorstand - Wir f\u00fcr Grone e.V.<\/title>\n<meta name=\"robots\" content=\"index, follow, max-snippet:-1, max-image-preview:large, max-video-preview:-1\" \/>\n<link rel=\"canonical\" href=\"https:\/\/www.wirfuergrone.de\/?page_id=332\" \/>\n<meta property=\"og:locale\" content=\"de_DE\" \/>\n<meta property=\"og:type\" content=\"article\" \/>\n<meta property=\"og:title\" content=\"Vorstand - Wir f\u00fcr Grone e.V.\" \/>\n<meta property=\"og:description\" content=\"Der Vorstand von Wir f\u00fcr Grone e.V. Rolf-Georg K\u00f6hler (Vorsitzender) Tobias Hauthal (Kassenwart) Yonas Schiferau (Beisitzender) Marco Witte (stv. Vorsitzender) Birgit Sterr (Beisitzende) Dieter Krause (Schriftf\u00fchrer) Marcel Pache (Beisitzender) Ina Jacobi (Beisitzende)\" \/>\n<meta property=\"og:url\" content=\"https:\/\/www.wirfuergrone.de\/?page_id=332\" \/>\n<meta property=\"og:site_name\" content=\"Wir f\u00fcr Grone e.V.\" \/>\n<meta property=\"article:modified_time\" content=\"2023-11-21T21:43:13+00:00\" \/>\n<meta property=\"og:image\" content=\"https:\/\/www.wirfuergrone.de\/wp-content\/uploads\/2016\/06\/hauthal-150x150.jpg\" \/>\n<meta name=\"twitter:card\" content=\"summary_large_image\" \/>\n<meta name=\"twitter:label1\" content=\"Gesch\u00e4tzte Lesezeit\" \/>\n\t<meta name=\"twitter:data1\" content=\"3\u00a0Minuten\" \/>\n<script type=\"application\/ld+json\" class=\"yoast-schema-graph\">{\"@context\":\"https:\/\/schema.org\",\"@graph\":[{\"@type\":\"WebPage\",\"@id\":\"https:\/\/www.wirfuergrone.de\/?page_id=332\",\"url\":\"https:\/\/www.wirfuergrone.de\/?page_id=332\",\"name\":\"Vorstand - Wir f\u00fcr Grone e.V.\",\"isPartOf\":{\"@id\":\"https:\/\/www.wirfuergrone.de\/#website\"},\"primaryImageOfPage\":{\"@id\":\"https:\/\/www.wirfuergrone.de\/?page_id=332#primaryimage\"},\"image\":{\"@id\":\"https:\/\/www.wirfuergrone.de\/?page_id=332#primaryimage\"},\"thumbnailUrl\":\"https:\/\/www.wirfuergrone.de\/wp-content\/uploads\/2016\/06\/hauthal-150x150.jpg\",\"datePublished\":\"2023-11-21T20:03:04+00:00\",\"dateModified\":\"2023-11-21T21:43:13+00:00\",\"breadcrumb\":{\"@id\":\"https:\/\/www.wirfuergrone.de\/?page_id=332#breadcrumb\"},\"inLanguage\":\"de\",\"potentialAction\":[{\"@type\":\"ReadAction\",\"target\":[\"https:\/\/www.wirfuergrone.de\/?page_id=332\"]}]},{\"@type\":\"ImageObject\",\"inLanguage\":\"de\",\"@id\":\"https:\/\/www.wirfuergrone.de\/?page_id=332#primaryimage\",\"url\":\"https:\/\/www.wirfuergrone.de\/wp-content\/uploads\/2016\/06\/hauthal.jpg\",\"contentUrl\":\"https:\/\/www.wirfuergrone.de\/wp-content\/uploads\/2016\/06\/hauthal.jpg\",\"width\":175,\"height\":185,\"caption\":\"Tobias Hauthal (Kassenwart)\"},{\"@type\":\"BreadcrumbList\",\"@id\":\"https:\/\/www.wirfuergrone.de\/?page_id=332#breadcrumb\",\"itemListElement\":[{\"@type\":\"ListItem\",\"position\":1,\"name\":\"Startseite\",\"item\":\"https:\/\/www.wirfuergrone.de\/\"},{\"@type\":\"ListItem\",\"position\":2,\"name\":\"Vorstand\"}]},{\"@type\":\"WebSite\",\"@id\":\"https:\/\/www.wirfuergrone.de\/#website\",\"url\":\"https:\/\/www.wirfuergrone.de\/\",\"name\":\"Wir f\u00fcr Grone e.V.\",\"description\":\"Initiative zeigen f\u00fcr Grone - seit 2003\",\"publisher\":{\"@id\":\"https:\/\/www.wirfuergrone.de\/#organization\"},\"potentialAction\":[{\"@type\":\"SearchAction\",\"target\":{\"@type\":\"EntryPoint\",\"urlTemplate\":\"https:\/\/www.wirfuergrone.de\/?s={search_term_string}\"},\"query-input\":{\"@type\":\"PropertyValueSpecification\",\"valueRequired\":true,\"valueName\":\"search_term_string\"}}],\"inLanguage\":\"de\"},{\"@type\":\"Organization\",\"@id\":\"https:\/\/www.wirfuergrone.de\/#organization\",\"name\":\"Wir f\u00fcr Grone e.V.\",\"url\":\"https:\/\/www.wirfuergrone.de\/\",\"logo\":{\"@type\":\"ImageObject\",\"inLanguage\":\"de\",\"@id\":\"https:\/\/www.wirfuergrone.de\/#\/schema\/logo\/image\/\",\"url\":\"https:\/\/www.wirfuergrone.de\/wp-content\/uploads\/2016\/04\/LOGOWFG-e1461299840626.jpg\",\"contentUrl\":\"https:\/\/www.wirfuergrone.de\/wp-content\/uploads\/2016\/04\/LOGOWFG-e1461299840626.jpg\",\"width\":50,\"height\":56,\"caption\":\"Wir f\u00fcr Grone e.V.\"},\"image\":{\"@id\":\"https:\/\/www.wirfuergrone.de\/#\/schema\/logo\/image\/\"}}]}<\/script>\n<!-- \/ Yoast SEO plugin. -->","yoast_head_json":{"title":"Vorstand - Wir f\u00fcr Grone e.V.","robots":{"index":"index","follow":"follow","max-snippet":"max-snippet:-1","max-image-preview":"max-image-preview:large","max-video-preview":"max-video-preview:-1"},"canonical":"https:\/\/www.wirfuergrone.de\/?page_id=332","og_locale":"de_DE","og_type":"article","og_title":"Vorstand - Wir f\u00fcr Grone e.V.","og_description":"Der Vorstand von Wir f\u00fcr Grone e.V. Rolf-Georg K\u00f6hler (Vorsitzender) Tobias Hauthal (Kassenwart) Yonas Schiferau (Beisitzender) Marco Witte (stv. Vorsitzender) Birgit Sterr (Beisitzende) Dieter Krause (Schriftf\u00fchrer) Marcel Pache (Beisitzender) Ina Jacobi (Beisitzende)","og_url":"https:\/\/www.wirfuergrone.de\/?page_id=332","og_site_name":"Wir f\u00fcr Grone e.V.","article_modified_time":"2023-11-21T21:43:13+00:00","og_image":[{"url":"https:\/\/www.wirfuergrone.de\/wp-content\/uploads\/2016\/06\/hauthal-150x150.jpg","type":"","width":"","height":""}],"twitter_card":"summary_large_image","twitter_misc":{"Gesch\u00e4tzte Lesezeit":"3\u00a0Minuten"},"schema":{"@context":"https:\/\/schema.org","@graph":[{"@type":"WebPage","@id":"https:\/\/www.wirfuergrone.de\/?page_id=332","url":"https:\/\/www.wirfuergrone.de\/?page_id=332","name":"Vorstand - Wir f\u00fcr Grone e.V.","isPartOf":{"@id":"https:\/\/www.wirfuergrone.de\/#website"},"primaryImageOfPage":{"@id":"https:\/\/www.wirfuergrone.de\/?page_id=332#primaryimage"},"image":{"@id":"https:\/\/www.wirfuergrone.de\/?page_id=332#primaryimage"},"thumbnailUrl":"https:\/\/www.wirfuergrone.de\/wp-content\/uploads\/2016\/06\/hauthal-150x150.jpg","datePublished":"2023-11-21T20:03:04+00:00","dateModified":"2023-11-21T21:43:13+00:00","breadcrumb":{"@id":"https:\/\/www.wirfuergrone.de\/?page_id=332#breadcrumb"},"inLanguage":"de","potentialAction":[{"@type":"ReadAction","target":["https:\/\/www.wirfuergrone.de\/?page_id=332"]}]},{"@type":"ImageObject","inLanguage":"de","@id":"https:\/\/www.wirfuergrone.de\/?page_id=332#primaryimage","url":"https:\/\/www.wirfuergrone.de\/wp-content\/uploads\/2016\/06\/hauthal.jpg","contentUrl":"https:\/\/www.wirfuergrone.de\/wp-content\/uploads\/2016\/06\/hauthal.jpg","width":175,"height":185,"caption":"Tobias Hauthal (Kassenwart)"},{"@type":"BreadcrumbList","@id":"https:\/\/www.wirfuergrone.de\/?page_id=332#breadcrumb","itemListElement":[{"@type":"ListItem","position":1,"name":"Startseite","item":"https:\/\/www.wirfuergrone.de\/"},{"@type":"ListItem","position":2,"name":"Vorstand"}]},{"@type":"WebSite","@id":"https:\/\/www.wirfuergrone.de\/#website","url":"https:\/\/www.wirfuergrone.de\/","name":"Wir f\u00fcr Grone e.V.","description":"Initiative zeigen f\u00fcr Grone - seit 2003","publisher":{"@id":"https:\/\/www.wirfuergrone.de\/#organization"},"potentialAction":[{"@type":"SearchAction","target":{"@type":"EntryPoint","urlTemplate":"https:\/\/www.wirfuergrone.de\/?s={search_term_string}"},"query-input":{"@type":"PropertyValueSpecification","valueRequired":true,"valueName":"search_term_string"}}],"inLanguage":"de"},{"@type":"Organization","@id":"https:\/\/www.wirfuergrone.de\/#organization","name":"Wir f\u00fcr Grone e.V.","url":"https:\/\/www.wirfuergrone.de\/","logo":{"@type":"ImageObject","inLanguage":"de","@id":"https:\/\/www.wirfuergrone.de\/#\/schema\/logo\/image\/","url":"https:\/\/www.wirfuergrone.de\/wp-content\/uploads\/2016\/04\/LOGOWFG-e1461299840626.jpg","contentUrl":"https:\/\/www.wirfuergrone.de\/wp-content\/uploads\/2016\/04\/LOGOWFG-e1461299840626.jpg","width":50,"height":56,"caption":"Wir f\u00fcr Grone e.V."},"image":{"@id":"https:\/\/www.wirfuergrone.de\/#\/schema\/logo\/image\/"}}]}},"_links":{"self":[{"href":"https:\/\/www.wirfuergrone.de\/index.php?rest_route=\/wp\/v2\/pages\/332","targetHints":{"allow":["GET"]}}],"collection":[{"href":"https:\/\/www.wirfuergrone.de\/index.php?rest_route=\/wp\/v2\/pages"}],"about":[{"href":"https:\/\/www.wirfuergrone.de\/index.php?rest_route=\/wp\/v2\/types\/page"}],"author":[{"embeddable":true,"href":"https:\/\/www.wirfuergrone.de\/index.php?rest_route=\/wp\/v2\/users\/1"}],"replies":[{"embeddable":true,"href":"https:\/\/www.wirfuergrone.de\/index.php?rest_route=%2Fwp%2Fv2%2Fcomments&post=332"}],"version-history":[{"count":21,"href":"https:\/\/www.wirfuergrone.de\/index.php?rest_route=\/wp\/v2\/pages\/332\/revisions"}],"predecessor-version":[{"id":436,"href":"https:\/\/www.wirfuergrone.de\/index.php?rest_route=\/wp\/v2\/pages\/332\/revisions\/436"}],"wp:attachment":[{"href":"https:\/\/www.wirfuergrone.de\/index.php?rest_route=%2Fwp%2Fv2%2Fmedia&parent=332"}],"curies":[{"name":"wp","href":"https:\/\/api.w.org\/{rel}","templated":true}]}}